?
-131
In base 12, what is 4 - -5a?
62
In base 11, what is -7 + -14?
-20
In base 16, what is -601 - 1?
-602
In base 2, what is -10000 - -11011?
1011
In base 8, what is 106 + -1?
105
In base 15, what is 14c - -3?
150
In base 13, what is 7 - 32c?
-325
In base 6, what is -215 - 55?
-314
In base 5, what is 4 + -1144?
-1140
In base 9, what is 1 - 2513?
-2512
In base 4, what is 1320 + 233?
2213
In base 4, what is -32 - 2?
-100
In base 3, what is 1202 - -2?
1211
In base 8, what is -1005 + -4?
-1011
In base 6, what is 4 + 1535?
1543
In base 9, what is 1 + 3088?
3100
In base 4, what is -132 - 31?
-223
In base 9, what is 2 - -67?
70
In base 3, what is 21 + 221012?
221110
In base 11, what is -4 - 17a?
-183
In base 15, what is 3 + -4b0?
-4ac
In base 15, what is 4 + 108e?
1093
In base 15, what is 2 - -2?
4
In base 2, what is 1 + 1001010?
1001011
In base 12, what is 3 + -19?
-16
In base 11, what is 7 - 4?
3
In base 12, what is 3 - -a1?
a4
In base 15, what is -6 - 17?
-1d
In base 6, what is -201 - -30?
-131
In base 8, what is 3 - 222?
-217
In base 9, what is -1 + 43?
42
In base 14, what is d - -2c?
3b
In base 6, what is -10531 + 5?
-10522
In base 4, what is -13 - -3210?
3131
In base 16, what is 7 - -10?
17
In base 6, what is 0 + 133?
133
In base 9, what is 4 + 464?
468
In base 2, what is -10 - 100011110?
-100100000
In base 14, what is 4 - 889?
-885
In base 14, what is 3 - 26?
-23
In base 2, what is -10101010 - -100?
-10100110
In base 11, what is -39 - -a?
-2a
In base 13, what is 31 + -274?
-243
In base 14, what is -a7 + -2?
-a9
In base 7, what is -1 - 1365?
-1366
In base 5, what is 0 - -10140?
10140
In base 10, what is 3 + 65?
68
In base 6, what is 214 - 13?
201
In base 3, what is -1 - 100201?
-100202
In base 9, what is -145 - 2?
-147
In base 11, what is -1 - 7?
-8
In base 9, what is -3 + -7?
-11
In base 4, what is 11203 - 2?
11201
In base 15, what is 5 + 24?
29
In base 7, what is -1 + 136?
135
In base 10, what is 6 + -8?
-2
In base 10, what is 149 - 1?
148
In base 3, what is 2 - -2012001?
2012010
In base 16, what is 399 + 3?
39c
In base 6, what is 1 - 15125?
-15124
In base 11, what is -161 + -1?
-162
In base 16, what is 9 + -7?
2
In base 5, what is -12202 + -1?
-12203
In base 16, what is 803 - -f?
812
In base 11, what is -1 - 715?
-716
In base 2, what is 100 + 1010001?
1010101
In base 4, what is 100201 - 1?
100200
In base 9, what is 155 - 20?
135
In base 8, what is -1072 + 2?
-1070
In base 9, what is -1 + -1708?
-1710
In base 16, what is -c + -6?
-12
In base 13, what is 17720 - 3?
1771a
In base 12, what is 3 + -7?
-4
In base 6, what is -4 + 21?
13
In base 15, what is 816 - -2?
818
In base 5, what is 24 - 4230?
-4201
In base 6, what is -530 + -5?
-535
In base 3, what is 2 + -2?
0
In base 4, what is 10331 - 3?
10322
In base 13, what is -2 + c?
a
In base 7, what is -11 + 4652?
4641
In base 2, what is -1000100011100 - -101?
-1000100010111
In base 16, what is 6 + 1eb?
1f1
In base 6, what is 4 - 3124?
-3120
In base 4, what is 23220 + 3?
23223
In base 6, what is -2451 - 2?
-2453
In base 5, what is 10 - -311?
321
In base 6, what is -3 + 4004?
4001
In base 8, what is -4644 + 5?
-4637
In base 8, what is 12 + -101?
-67
In base 16, what is 2c23 + -4?
2c1f
In base 13, what is 420 + 3?
423
In base 13, what is -2763 - 2?
-2765
In base 4, what is -2012 - 11?
-2023
In base 14, what is -31a - 1?
-31b
In base 7, what is 2 - 41?
-36
In base 9, what is 67024 + 4?
67028
In base 10, what is 10 + 2144?
2154
In base 5, what is -124 - 103?
-232
In base 3, what is -1 - 22010?
-22011
In base 10, what is -275 - 1?
-276
In base 4, what is -3 - -31012?
31003
In base 12, what is -6 - -32?
28
In base 3, what is 20 - 202221?
-202201
In base 10, what is 3 - -160?
163
In base 6, what is 4 + 435?
443
In base 5, what is 10 + -22321?
-22311
In base 16, what is -19d - 12?
-1af
In base 12, what is 30 + 5?
35
In base 11, what is -1126 + 0?
-1126
In base 5, what is -3 - 1221?
-1224
In base 15, what is -5 + -ad?
-b3
In base 4, what is -13001 + -3?
-13010
In base 4, what is 11 + -2021?
-2010
In base 6, what is -11532 + 4?
-11524
In base 12, what is -38 + -1?
-39
In base 12, what is -8 - 114?
-120
In base 13, what is 125 + 68?
190
In base 5, what is 4 - 1243?
-1234
In base 13, what is 22ab - 0?
22ab
In base 15, what is 29d - 5?
298
In base 4, what is 1200 + -113?
1021
In base 11, what is -1 + -a5?
-a6
In base 13, what is 185 + -1c?
166
In base 11, what is 3491 + -1?
3490
In base 2, what is 11 + -100010?
-11111
In base 15, what is -3 - 687?
-68a
In base 7, what is 4 + -123?
-116
In base 9, what is 5 - -7674?
7680
In base 3, what is -12 + 122111?
122022
In base 10, what is 1 - -37?
38
In base 9, what is 64 - -5?
70
In base 8, what is -36 - -1?
-35
In base 7, what is -3 + 621?
615
In base 12, what is 1b + 8?
27
In base 11, what is -5 + -333?
-338
In base 16, what is -11 - -4?
-d
In base 8, what is -15546 + -5?
-15553
In base 7, what is -1100 + 4?
-1063
In base 7, what is 4 + 151?
155
In base 13, what is -32 - -57?
25
In base 4, what is -10 + -222112?
-222122
In base 4, what is -13131221 + 11?
-13131210
In base 12, what is -10a0 - 6?
-10a6
In base 4, what is -11 + -311?
-322
In base 14, what is a + -5?
5
In base 15, what is -30 + -1c?
-4c
In base 5, what is -10 - 10214?
-10224
In base 4, what is -2022 + -3?
-2031
In base 10, what is -41 + -6?
-47
In base 3, what is -2122200 + -11?
-2122211
In base 16, what is -5 - 11?
-16
In base 9, what is 56 + 4?
61
In base 16, what is 14 + -3b5?
-3a1
In base 14, what is 2111 + -2?
210d
In base 14, what is -12c - -4?
-128
In base 3, what is 2 - 20?
-11
In base 14, what is -3c - 24?
-62
In base 7, what is -2 - 1150?
-1152
In base 6, what is -1 + 11502?
11501
In base 6, what is -1 + 111?
110
In base 15, what is b1 + e?
c0
In base 7, what is -1130 + -5?
-1135
In base 2, what is -11 + 10000?
1101
In base 7, what is -54231 + 4?
-54224
In base 15, what is 4 - -4?
8
In base 13, what is -1 - 4cc?
-500
In base 15, what is -e4 - 4?
-e8
In base 12, what is 1 + 592?
593
In base 3, what is -1 + 11110?
11102
In base 10, what is -6 + -12?
-18
In base 13, what is 2537 + -5?
2532
In base 16, what is 3 + -177?
-174
In base 8, what is 6 + 4025?
4033
In base 13, what is -5cc - -1?
-5cb
In base 9, what is 0 - 11?
-11
In base 12, what is -5 + 442?
439
In base 14, what is 202 + 4?
206
In base 10, what is -19 - -3?
-16
In base 6, what is -1505 - 0?
-1505
In base 11, what is 2894 - 4?
2890
In base 11, what is 2 - 14?
-12
In base 9, what is -235 - 8?
-244
In base 11, what is -8 - a3?
-100
In base 13, what is -37 - 52?
-89
In base 12, what is -10 + 72?
62
In base 13, what is -8 - 0?
-8
In base 15, what is 3 - -130?
133
In base 10, what is -240 + 5?
-235
In base 6, what is 4 - -10321?
10325
In base 11, what is 18 + -214?
-1a7
In base 7, what is 461 - -3?
464
In base 8, what is 240 - -4?
244
In base 10, what is 3 + -16?
-13
In base 15, what is 666 - 2?
664
In base 6, what is -42 + 123?
41
In base 4, what is -3 + -11111?
-11120
In base 7, what is 3 + 350?
353
In base 10, what is 4 - -480?
484
In base 7, what is -2332 + 4?
-2325
In base 5, what is -21 + 4?
-12
In base 6, what is 4 - 32034?
-32030
In base 16, what is -113 + -5?
-118
In base 3, what is -20210 + -22?
-21002
In base 4, what is -1 - 213?
-220
In base 10, what is 17 - -750?
767
In base 15, what is 34 - -3?
37
In base 15, what is 2 + 2206?
2208
In base 16, what is 13 - 5?
e
In base 13, what is 1 - -2aa0?
2aa1
In base 13, what is 19a - 29?
171
In base 10, what is 1014 - 10?
1004
In base 7, what is 354 - 12?
342
In base 9, what is 3 + 4?
7
In base 9, what is -4 + -10021?
-10025
In base 14, what is 6 - -5?
b
In base 16, what is 3a + -4?
36
In base 14, what is -79 + -15?
-90
In base 15, what is -16e + -3?
-172
In base 12, what is -3 - -34?
31
In base 8, what is 2231 - 4?
2225
In base 5, what is 14303 + 1?
14304
In base 6, what is 1023 + -23?
1000
In base 7, what is -13 - 22?
-35
In base 11, what is -4 + -34?
-38
In base 3, what is 111121 - -200?
112021
In base 16, what is ade - -1?
adf
In base 13, what is 5a6 - 4?
5a2
In base 13, what is -15 - 9?
-21
In base 3, what is 2222200 - 10?
2222120
In base 3, what is 21002 - -11?
21020
In base 10, what is 2 - 1420?
-1418
In base 14, what is -66 + 28?
-3c
In base 9, what is -1423 + -4?
-1427
In base